hat is the remainder when 2177 is divided by 1088?
1
What is the remainder when 2978 is divided by 4?
2
Calculate the remainder when 185 is divided by 49.
38
What is the remainder when 6849 is divided by 15?
9
What is the remainder when 102 is divided by 40?
22
What is the remainder when 1067 is divided by 349?
20
Calculate the remainder when 261 is divided by 18.
9
Calculate the remainder when 738 is divided by 179.
22
What is the remainder when 248 is divided by 181?
67
What is the remainder when 71 is divided by 34?
3
Calculate the remainder when 227 is divided by 23.
20
What is the remainder when 8 is divided by 5?
3
What is the remainder when 2730 is divided by 5?
0
Calculate the remainder when 1363 is divided by 147.
40
Calculate the remainder when 1030 is divided by 50.
30
Calculate the remainder when 1654 is divided by 286.
224
What is the remainder when 185 is divided by 34?
15
Calculate the remainder when 70 is divided by 25.
20
What is the remainder when 171 is divided by 45?
36
What is the remainder when 314 is divided by 12?
2
What is the remainder when 1329 is divided by 46?
41
Calculate the remainder when 19 is divided by 4.
3
Calculate the remainder when 291 is divided by 210.
81
What is the remainder when 362 is divided by 195?
167
Calculate the remainder when 319 is divided by 31.
9
What is the remainder when 460 is divided by 80?
60
What is the remainder when 550 is divided by 177?
19
Calculate the remainder when 130 is divided by 15.
10
Calculate the remainder when 6142 is divided by 48.
46
Calculate the remainder when 19468 is divided by 33.
31
Calculate the remainder when 378 is divided by 127.
124
Calculate the remainder when 2722 is divided by 58.
54
Calculate the remainder when 18982 is divided by 8.
6
Calculate the remainder when 24212 is divided by 22.
12
Calculate the remainder when 969 is divided by 97.
96
Calculate the remainder when 150 is divided by 66.
18
Calculate the remainder when 1113 is divided by 28.
21
What is the remainder when 402 is divided by 58?
54
What is the remainder when 927 is divided by 24?
15
Calculate the remainder when 1233 is divided by 19.
17
What is the remainder when 330 is divided by 9?
6
Calculate the remainder when 315 is divided by 18.
9
Calculate the remainder when 1858 is divided by 15.
13
Calculate the remainder when 388 is divided by 193.
2
What is the remainder when 88 is divided by 3?
1
Calculate the remainder when 299 is divided by 6.
5
Calculate the remainder when 177 is divided by 61.
55
Calculate the remainder when 76 is divided by 10.
6
Calculate the remainder when 234 is divided by 43.
19
What is the remainder when 264 is divided by 28?
12
Calculate the remainder when 356 is divided by 89.
0
What is the remainder when 116 is divided by 33?
17
Calculate the remainder when 386 is divided by 20.
6
What is the remainder when 1545 is divided by 35?
5
What is the remainder when 681 is divided by 263?
155
What is the remainder when 169 is divided by 90?
79
Calculate the remainder when 385 is divided by 10.
5
What is the remainder when 10203 is divided by 21?
18
What is the remainder when 176 is divided by 172?
4
What is the remainder when 115 is divided by 57?
1
What is the remainder when 148 is divided by 141?
7
Calculate the remainder when 2335 is divided by 32.
31
Calculate the remainder when 740 is divided by 312.
116
What is the remainder when 1118 is divided by 39?
26
Calculate the remainder when 29 is divided by 9.
2
What is the remainder when 85 is divided by 37?
11
Calculate the remainder when 510 is divided by 18.
6
What is the remainder when 132 is divided by 44?
0
Calculate the remainder when 103 is divided by 29.
16
Calculate the remainder when 152 is divided by 42.
26
Calculate the remainder when 21139 is divided by 27.
25
Calculate the remainder when 35 is divided by 22.
13
Calculate the remainder when 590 is divided by 197.
196
What is the remainder when 1128 is divided by 139?
16
Calculate the remainder when 36 is divided by 12.
0
Calculate the remainder when 176 is divided by 31.
21
What is the remainder when 1764 is divided by 588?
0
What is the remainder when 22 is divided by 5?
2
What is the remainder when 984 is divided by 38?
34
Calculate the remainder when 341 is divided by 18.
17
What is the remainder when 294 is divided by 76?
66
What is the remainder when 62 is divided by 18?
8
What is the remainder when 418 is divided by 383?
35
Calculate the remainder when 529 is divided by 108.
97
Calculate the remainder when 18589 is divided by 28.
25
What is the remainder when 2231 is divided by 77?
75
What is the remainder when 215 is divided by 44?
39
What is the remainder when 1630 is divided by 71?
68
Calculate the remainder when 379 is divided by 19.
18
What is the remainder when 881 is divided by 52?
49
What is the remainder when 1415 is divided by 33?
29
What is the remainder when 2131 is divided by 434?
395
Calculate the remainder when 792 is divided by 53.
50
What is the remainder when 9825 is divided by 108?
105
Calculate the remainder when 2125 is divided by 14.
11
What is the remainder when 27405 is divided by 16?
13
Calculate the remainder when 7174 is divided by 37.
33
What is the remainder when 7125 is divided by 132?
129
What is the remainder when 60 is divided by 24?
12
What is the remainder when 157 is divided by 27?
22
Calculate the remainder when 225 is divided by 59.
48
What is the remainder when 836 is divided by 97?
60
Calculate the remainder when 460 is divided by 22.
20
Calculate the remainder when 407 is divided by 10.
7
Calculate the remainder when 2779 is divided by 62.
51
Calculate the remainder when 401 is divided by 14.
9
Calculate the remainder when 14620 is divided by 4.
0
What is the remainder when 524 is divided by 7?
6
What is the remainder when 463 is divided by 8?
7
What is the remainder when 112 is divided by 12?
4
Calculate the remainder when 2172 is divided by 75.
72
Calculate the remainder when 225 is divided by 39.
30
What is the remainder when 8677 is divided by 28?
25
What is the remainder when 556 is divided by 3?
1
What is the remainder when 183 is divided by 39?
27
What is the remainder when 112 is divided by 23?
20
Calculate the remainder when 7 is divided by 2.
1
What is the remainder when 661 is divided by 110?
1
Calculate the remainder when 203 is divided by 96.
11
Calculate the remainder when 53234 is divided by 13.
12
Calculate the remainder when 24456 is divided by 20.
16
What is the remainder when 32 is divided by 19?
13
Calculate the remainder when 102 is divided by 34.
0
What is the remainder when 451 is divided by 4?
3
Calculate the remainder when 226 is divided by 37.
4
Calculate the remainder when 1822 is divided by 598.
28
Calculate the remainder when 11328 is divided by 52.
44
What is the remainder when 814 is divided by 12?
10
Calculate the remainder when 1313 is divided by 649.
15
What is the remainder when 283 is divided by 147?
136
Calculate the remainder when 88 is divided by 35.
18
Calculate the remainder when 50 is divided by 26.
24
What is the remainder when 2132 is divided by 22?
20
Calculate the remainder when 527 is divided by 322.
205
Calculate the remainder when 35 is divided by 14.
7
Calculate the remainder when 779 is divided by 12.
11
What is the remainder when 448 is divided by 113?
109
What is the remainder when 7985 is divided by 11?
10
Calculate the remainder when 5241 is divided by 6.
3
What is the remainder when 1015 is divided by 170?
165
Calculate the remainder when 165 is divided by 63.
39
What is the remainder when 5114 is divided by 155?
154
Calculate the remainder when 81 is divided by 26.
3
What is the remainder when 852 is divided by 123?
114
Calculate the remainder when 2771 is divided by 18.
17
What is the remainder when 6271 is divided by 112?
111
Calculate the remainder when 333 is divided by 6.
3
Calculate the remainder when 1074 is divided by 47.
40
What is the remainder when 451 is divided by 17?
9
What is the remainder when 870 is divided by 425?
20
What is the remainder when 205 is divided by 23?
21
What is the remainder when 230 is divided by 8?
6
What is the remainder when 942 is divided by 45?
42
What is the remainder when 7756 is divided by 16?
12
What i